e
Is 507632077 a composite number?
False
Is 22429399847 a composite number?
False
Is 3340880177 a composite number?
False
Is 124699622891 a composite number?
False
Is 34843759211 prime?
True
Is 15587485547 a prime number?
False
Is 37263367 a composite number?
False
Is 3897255497 a prime number?
True
Is 561165001 prime?
True
Is 2404659277 a prime number?
False
Is 76039318721 composite?
False
Is 1199126567 prime?
True
Is 3024365767 prime?
True
Is 27938452697 a prime number?
False
Is 5870016723 a prime number?
False
Is 169107092047 composite?
True
Is 208718039 a composite number?
False
Is 17401825613 composite?
False
Is 7029043453 composite?
False
Is 607540589 prime?
False
Is 379557421 a composite number?
True
Is 124171037 composite?
True
Is 15474984097 a prime number?
True
Is 139407672263 prime?
True
Is 1752860477 a composite number?
True
Is 13167362959 composite?
True
Is 2646737173 prime?
False
Is 13102077977 a composite number?
True
Is 13134796001 composite?
True
Is 7064367883 a prime number?
True
Is 360509309 prime?
True
Is 432713041 a prime number?
False
Is 452601943 composite?
False
Is 180565361 a prime number?
True
Is 23793065009 prime?
False
Is 24052196669 prime?
True
Is 4905306797 composite?
False
Is 23094395231 a prime number?
True
Is 13065381949 composite?
False
Is 108417834301 composite?
True
Is 54667259 a composite number?
False
Is 5453769017 prime?
False
Is 2306210122 a prime number?
False
Is 34139780567 a prime number?
False
Is 6033295231 a prime number?
False
Is 1024527227 a prime number?
True
Is 431173221 a prime number?
False
Is 97870519 prime?
True
Is 23131920767 a prime number?
False
Is 156023752543 a prime number?
True
Is 24254522417 prime?
False
Is 430830203 a prime number?
True
Is 18925555553 prime?
False
Is 3168410627 composite?
False
Is 2700068087 prime?
True
Is 197918917 a composite number?
True
Is 14841951977 a prime number?
True
Is 3187652899 a prime number?
False
Is 3188356529 a prime number?
True
Is 5448336193 a composite number?
False
Is 154452139 prime?
True
Is 836749393 a prime number?
False
Is 5116131763 composite?
False
Is 2276174699 a composite number?
True
Is 228967159 a composite number?
True
Is 545768947 composite?
False
Is 9820619 a prime number?
True
Is 2166616497 prime?
False
Is 307044077 a prime number?
True
Is 85911386861 a prime number?
False
Is 19033879 a composite number?
False
Is 17799573289 a composite number?
False
Is 2038275989 composite?
False
Is 53226846671 composite?
True
Is 2724049169 composite?
False
Is 261212129 a composite number?
False
Is 23138279 a prime number?
True
Is 4147301411 a composite number?
True
Is 77280133871 prime?
True
Is 3255850889 a composite number?
True
Is 5765788205 composite?
True
Is 1156324969 a composite number?
True
Is 54344569381 a composite number?
False
Is 79760447017 a prime number?
False
Is 276137731 composite?
False
Is 2791894919 a composite number?
True
Is 737217937 a prime number?
False
Is 8411013431 composite?
False
Is 28182270617 a prime number?
True
Is 7466835721 a composite number?
False
Is 192339503 composite?
False
Is 556282327 composite?
True
Is 9093082133 composite?
True
Is 5795375143 a composite number?
False
Is 67307791 composite?
True
Is 3659700362 composite?
True
Is 744790877 composite?
False
Is 2275635107 composite?
False
Is 1136017049 prime?
False
Is 2156270657 composite?
False
Is 11308188923 prime?
True
Is 9785740859 a composite number?
True
Is 3665388847 composite?
False
Is 56659165021 a prime number?
True
Is 22239869657 prime?
True
Is 97372656721 composite?
True
Is 14506107001 prime?
True
Is 2805961307 a prime number?
False
Is 23414945 a composite number?
True
Is 100210815143 composite?
True
Is 30095494777 a prime number?
True
Is 8374035557 a prime number?
True
Is 6112387037 prime?
True
Is 44428552529 composite?
False
Is 1815868099 prime?
False
Is 4041668459 prime?
True
Is 6692242957 prime?
False
Is 25269072461 composite?
True
Is 6623325479 prime?
False
Is 11289153391 composite?
True
Is 641952523 a composite number?
False
Is 198835029919 a prime number?
True
Is 101470795769 composite?
True
Is 78403448351 a composite number?
False
Is 6496066 a composite number?
True
Is 1355159518 prime?
False
Is 9607857209 a composite number?
True
Is 29022160873 composite?
True
Is 219704687 prime?
True
Is 5987576869 prime?
True
Is 68641201313 prime?
True
Is 63197107 prime?
False
Is 81587881 a prime number?
False
Is 5058790879 prime?
False
Is 7434659087 a composite number?
True
Is 1108152697 composite?
False
Is 1979217439 prime?
True
Is 11448393269 composite?
True
Is 25858493 a composite number?
True
Is 1490445199 prime?
False
Is 19588396249 a composite number?
False
Is 165201151 a prime number?
True
Is 4299641 composite?
True
Is 2022026219 a prime number?
True
Is 392589059 a prime number?
True
Is 3244788179 a composite number?
False
Is 972670861 a composite number?
True
Is 2211943333 composite?
False
Is 17665332899 a composite number?
True
Is 29039726537 composite?
True
Is 1298416901 a composite number?
True
Is 3278678501 prime?
False
Is 7170927113 composite?
True
Is 255596563 a prime number?
False
Is 433989799 composite?
False
Is 933075149 prime?
True
Is 3305081777 composite?
False
Is 74378866507 composite?
True
Is 267856991 composite?
True
Is 5613378923 prime?
False
Is 63818945 composite?
True
Is 23159619799 a composite number?
True
Is 7756088131 a composite number?
True
Is 44392904359 prime?
True
Is 3218925133 a composite number?
False
Is 170516297659 a prime number?
True
Is 1093784753 a composite number?
True
Is 8528334959 composite?
True
Is 6489435467 prime?
True
Is 2810140099 a composite number?
True
Is 627813055 composite?
True
Is 429746189 a composite number?
False
Is 2522758867 composite?
True
Is 10459561877 a composite number?
True
Is 12014216171 a prime number?
False
Is 393637631 prime?
False
Is 11000062301 a composite number?
True
Is 2043919573 composite?
False
Is 7814909 prime?
False
Is 108575466203 prime?
False
Is 2500862722 composite?
True
Is 862915399 a composite number?
False
Is 31531577809 a prime number?
True
Is 5366543729 prime?
True
Is 2489137723 a prime number?
True
Is 22784850623 composite?
False
Is 13067170217 composite?
False
Is 37455534161 composite?
False
Is 254267597 a composite number?
False
Is 2797461347 composite?
True
Is 585251 a prime number?
True
Is 108903315533 a composite number?
False
Is 12675517691 prime?
True
Is 46837519 a composite number?
False
Is 1168527449 a prime number?
False
Is 26245657439 composite?
False
Is 46490133791 composite?
True
Is 3698732309 a prime number?
True
Is 190814203 prime?
True
Is 151524771 a composite number?
True
Is 2722836449 prime?
True
Is 87589691011 a prime number?
False
Is 19953532663 composite?
False
Is 13499804449 composite?
False
Is 7550944619 a composite number?
False
Is 6902223071 composite?
False
Is 2344812227 a composite number?
True
Is 8159051467 a composite number?
True
Is 1310433851 prime?
False
Is 1219614209 a prime number?
False
Is 705957157 composite?
True
Is 15333484493 a composite number?
False
Is 2010745439 prime?
False
Is 113099743 a prime number?
True
Is 1828090049 composite?
True
Is 5138456861 composite?
True
Is 20524356179 a prime number?
True
Is 26523493621 a prime number?
False
Is 2528339513 a prime number?
False
Is 3743934911 a composite number?
False
Is 14498316919 composite?
False
Is 275947699 a composite number?
True
Is 33227281667 prime?
True
Is 2625912409 prime?
True
Is 1498536617 a composite number?
False
Is 45589517209 composite?
False
Is 3046676513 prime?
True
Is 3294018671 composite?
False
Is 993238397 composite?
True
Is 74347769021 a prime number?
True
Is 557424541 a prime number?
True
Is 289381049 prime?
True
Is 1475743 composite?
False
Is 1729149887 composite?
True
Is 20699747423 prime?
True
Is 5045635363 prime?
False
Is 2312366947 prime?
False
Is 13016068531 a prime number?
True
Is 20191774153 composite?
False
Is 3297243101 a composite number?
False
Is 1807148173 a prime number?
False
Is 14821268029 a prime number?
True
Is 14033274949 a prime number?
True
Is 94865180363 composite?
False
Is 1059892861 a prime number?
False
Is 6020671099 a composite number?
True
Is 201090213841 prime?
False
Is 377185957 composite?
False
Is 118021838366 prime?
False
Is